{"id":1875,"date":"2021-12-21T10:50:03","date_gmt":"2021-12-21T15:50:03","guid":{"rendered":"https:\/\/www.pvtravels.com\/tour\/sem%20categoria\/trilha-colca-canyon-3d-2n\/"},"modified":"2022-02-01T15:23:36","modified_gmt":"2022-02-01T20:23:36","slug":"trilha-colca-canyon-3d-2n","status":"publish","type":"product","link":"https:\/\/www.pvtravels.com\/pt-pt\/tour\/arequipa-pt-pt\/arequipa-adventure-pt-pt\/trilha-colca-canyon-3d-2n\/","title":{"rendered":"Trilha Colca Canyon 3D\/2N"},"content":{"rendered":"\t\t<div data-elementor-type=\"product-post\" data-elementor-id=\"1875\" class=\"elementor elementor-1875 elementor-1809\" data-elementor-post-type=\"product\">\n\t\t\t\t\t\t<section class=\"elementor-section elementor-top-section elementor-element elementor-element-1936731 elementor-section-boxed elementor-section-height-default elementor-section-height-default\" data-id=\"1936731\" data-element_type=\"section\" data-e-type=\"section\">\n\t\t\t\t\t\t<div class=\"elementor-container elementor-column-gap-default\">\n\t\t\t\t\t<div class=\"elementor-column elementor-col-100 elementor-top-column elementor-element elementor-element-85861c5\" data-id=\"85861c5\" data-element_type=\"column\" data-e-type=\"column\">\n\t\t\t<div class=\"elementor-widget-wrap elementor-element-populated\">\n\t\t\t\t\t\t<div class=\"elementor-element elementor-element-94dfda1 elementor-widget elementor-widget-heading\" data-id=\"94dfda1\" data-element_type=\"widget\" data-e-type=\"widget\" data-widget_type=\"heading.default\">\n\t\t\t\t<div class=\"elementor-widget-container\">\n\t\t\t\t\t<h3 class=\"elementor-heading-title elementor-size-default\">Itiner\u00e1rio:<\/h3>\t\t\t\t<\/div>\n\t\t\t\t<\/div>\n\t\t\t\t<div class=\"elementor-element elementor-element-69c0aaf elementor-widget elementor-widget-accordion\" data-id=\"69c0aaf\" data-element_type=\"widget\" data-e-type=\"widget\" data-widget_type=\"accordion.default\">\n\t\t\t\t<div class=\"elementor-widget-container\">\n\t\t\t\t\t\t\t<div class=\"elementor-accordion\">\n\t\t\t\t\t\t\t<div class=\"elementor-accordion-item\">\n\t\t\t\t\t<div id=\"elementor-tab-title-1101\" class=\"elementor-tab-title\" data-tab=\"1\" role=\"button\" aria-controls=\"elementor-tab-content-1101\" aria-expanded=\"false\">\n\t\t\t\t\t\t\t\t\t\t\t\t\t<span class=\"elementor-accordion-icon elementor-accordion-icon-left\" aria-hidden=\"true\">\n\t\t\t\t\t\t\t\t\t\t\t\t\t\t\t<span class=\"elementor-accordion-icon-closed\"><i class=\"fas fa-plus\"><\/i><\/span>\n\t\t\t\t\t\t\t\t<span class=\"elementor-accordion-icon-opened\"><i class=\"fas fa-minus\"><\/i><\/span>\n\t\t\t\t\t\t\t\t\t\t\t\t\t\t<\/span>\n\t\t\t\t\t\t\t\t\t\t\t\t<a class=\"elementor-accordion-title\" tabindex=\"0\">Dia 1: Arequipa \/ Mirador De Tapay \/ San Juan De Chuccho<\/a>\n\t\t\t\t\t<\/div>\n\t\t\t\t\t<div id=\"elementor-tab-content-1101\" class=\"elementor-tab-content elementor-clearfix\" data-tab=\"1\" role=\"region\" aria-labelledby=\"elementor-tab-title-1101\"><p style=\"text-align: justify;\">Traslado entre 03:00 \u00e0s 03:30am do hotel em Arequipa para seguir para o Vale do Colca, a viagem levar\u00e1 aproximadamente 4 horas at\u00e9 Chivay (cidade principal do Vale), onde haver\u00e1 uma parada para o caf\u00e9 da manh\u00e3 e depois a viagem a Cabanaconde continuar\u00e1 (duas horas e meia de viagem aprox.) de onde come\u00e7aremos nossa caminhada, descendo para o Desfiladeiro de Colca, que nos levar\u00e1 aproximadamente de 3\u00bd a 4 horas, durante o passeio podemos apreciar, enquanto descemos a vegeta\u00e7\u00e3o diversa entre Andina e tropical, e tamb\u00e9m a forma\u00e7\u00e3o geol\u00f3gica do C\u00e2nion do Colca, parte da forma\u00e7\u00e3o da cordilheira dos Andes.<\/p><p style=\"text-align: justify;\">Uma vez no fundo do c\u00e2nion atravessaremos a ponte suspensa de San Juan de Chuccho, para chegar \u00e0 cidade de mesmo nome, onde passaremos a noite, em casas dos colonos, equipados para servir turistas (alojamento b\u00e1sico)<\/p><\/div>\n\t\t\t\t<\/div>\n\t\t\t\t\t\t\t<div class=\"elementor-accordion-item\">\n\t\t\t\t\t<div id=\"elementor-tab-title-1102\" class=\"elementor-tab-title\" data-tab=\"2\" role=\"button\" aria-controls=\"elementor-tab-content-1102\" aria-expanded=\"false\">\n\t\t\t\t\t\t\t\t\t\t\t\t\t<span class=\"elementor-accordion-icon elementor-accordion-icon-left\" aria-hidden=\"true\">\n\t\t\t\t\t\t\t\t\t\t\t\t\t\t\t<span class=\"elementor-accordion-icon-closed\"><i class=\"fas fa-plus\"><\/i><\/span>\n\t\t\t\t\t\t\t\t<span class=\"elementor-accordion-icon-opened\"><i class=\"fas fa-minus\"><\/i><\/span>\n\t\t\t\t\t\t\t\t\t\t\t\t\t\t<\/span>\n\t\t\t\t\t\t\t\t\t\t\t\t<a class=\"elementor-accordion-title\" tabindex=\"0\">Dia 2: San Juan \/ Sangalle (Oasis)<\/a>\n\t\t\t\t\t<\/div>\n\t\t\t\t\t<div id=\"elementor-tab-content-1102\" class=\"elementor-tab-content elementor-clearfix\" data-tab=\"2\" role=\"region\" aria-labelledby=\"elementor-tab-title-1102\"><p style=\"text-align: justify;\">Tomaremos o caf\u00e9 da manh\u00e3 e come\u00e7aremos novamente nossa excurs\u00e3o, subiremos aproximadamente 300 metros e chegaremos \u00e0s aldeias, primeiro de Cosnihua e depois de Malata; onde voc\u00ea vai apreciar o modo de vida das pessoas, muito caracter\u00edstico, porque nessas aldeias n\u00e3o h\u00e1 acesso de transporte de ve\u00edculos. Mais uma vez descemos ao sangalle (o\u00e1sis), lugar feito pelo povo andino, cheio de vegeta\u00e7\u00e3o andina alta misturada com vegeta\u00e7\u00e3o tropical, onde gra\u00e7as a uma nascente de \u00e1gua morna agora voc\u00ea pode desfrutar de um mergulho refrescante nas piscinas localizadas neste belo lugar (as \u00e1guas t\u00eam uma temperatura de aproximadamente 18\u00baC) n\u00f3s teremos o almo\u00e7o e n\u00f3s passaremos a segunda noite em cabanas b\u00e1sicas.<\/p><\/div>\n\t\t\t\t<\/div>\n\t\t\t\t\t\t\t<div class=\"elementor-accordion-item\">\n\t\t\t\t\t<div id=\"elementor-tab-title-1103\" class=\"elementor-tab-title\" data-tab=\"3\" role=\"button\" aria-controls=\"elementor-tab-content-1103\" aria-expanded=\"false\">\n\t\t\t\t\t\t\t\t\t\t\t\t\t<span class=\"elementor-accordion-icon elementor-accordion-icon-left\" aria-hidden=\"true\">\n\t\t\t\t\t\t\t\t\t\t\t\t\t\t\t<span class=\"elementor-accordion-icon-closed\"><i class=\"fas fa-plus\"><\/i><\/span>\n\t\t\t\t\t\t\t\t<span class=\"elementor-accordion-icon-opened\"><i class=\"fas fa-minus\"><\/i><\/span>\n\t\t\t\t\t\t\t\t\t\t\t\t\t\t<\/span>\n\t\t\t\t\t\t\t\t\t\t\t\t<a class=\"elementor-accordion-title\" tabindex=\"0\">Dia 3: Oasis \/ Cabanaconde \/ Chivay \/ Arequipa<\/a>\n\t\t\t\t\t<\/div>\n\t\t\t\t\t<div id=\"elementor-tab-content-1103\" class=\"elementor-tab-content elementor-clearfix\" data-tab=\"3\" role=\"region\" aria-labelledby=\"elementor-tab-title-1103\"><p style=\"text-align: justify;\">04:30 Vamos come\u00e7ar a subida, \u00e9 um caminho em ziguezague e bastante pendente, mas depois de aproximadamente 3 horas, teremos a satisfa\u00e7\u00e3o de terminar esta bela rota.<\/p><p style=\"text-align: justify;\">O caf\u00e9 da manh\u00e3 ser\u00e1 tomado em um restaurante local e, em seguida, pegue a mobilidade e v\u00e1 para o mirante Cruz del Condor, a partir deste ponto de vista voc\u00ea tem uma das vistas mais impressionantes do Canh\u00e3o de Colca e de onde voc\u00ea pode ver o v\u00f4o impressionante do condores, retorne a Chivay, tendo a oportunidade de visitar a calera e aproveitar as termas relaxantes.<\/p><p style=\"text-align: justify;\">Almo\u00e7o e retorno a Arequipa, chegando entre 17 a 18 horas.<\/p><p style=\"text-align: justify;\"><strong>Fim dos nossos servi\u00e7os!<\/strong><\/p><\/div>\n\t\t\t\t<\/div>\n\t\t\t\t\t\t\t\t<\/div>\n\t\t\t\t\t\t<\/div>\n\t\t\t\t<\/div>\n\t\t\t\t<div class=\"elementor-element elementor-element-6566993 elementor-widget elementor-widget-text-editor\" data-id=\"6566993\" data-element_type=\"widget\" data-e-type=\"widget\" data-widget_type=\"text-editor.default\">\n\t\t\t\t<div class=\"elementor-widget-container\">\n\t\t\t\t\t\t\t\t\t<h3><span style=\"color: #008000;\"><strong>O que est\u00e1 inclu\u00eddo:<\/strong><\/span><\/h3><ul><li>Traslado Arequipa \/ Cabanaconde \/ Arequipa por \u00f4nibus de turismo<\/li><li>01 noite de albergue b\u00e1sico em San Juan de Chuccho<\/li><li>01 noite de albergue b\u00e1sico em Sangalle<\/li><li>03 caf\u00e9s da manh\u00e3, 02 almo\u00e7os e 02 jantares<\/li><li>Guia profissional em ingl\u00eas ou espanhol<\/li><\/ul><h3><span style=\"color: #008000;\"><strong>N\u00e3o incluso:<\/strong><\/span><\/h3><ul><li>Bilhete tur\u00edstico (S \/ 70,00)<\/li><li>Entrada para os banhos termais<\/li><li>\u00daltimo almo\u00e7o em Chivay<\/li><li>Bebidas<\/li><li>Alojamento em Arequip<\/li><\/ul><h3><span style=\"color: #008000;\"><strong>Lista recomendada:<\/strong><\/span><\/h3><ul><li>Dinheiro local (solas) pelo menos S \/ 150,00 por pessoa<\/li><li>Protetor solar<\/li><li>Lanterna<\/li><li>Repelente<\/li><li>Toalhas<\/li><li>Artigos de higiene pessoal (papel higi\u00eanico, shampoo, sabonete, creme para o corpo)<\/li><li>Lanches (frutas secas, biscoitos, doces, chocolates, etc.)<\/li><li>\u00c1gua (voc\u00ea pode comprar no caminho)<\/li><li>Mochila pequena (45lt)<\/li><li>Capa de chuva ou poncho, ponchos de pl\u00e1stico (apenas na esta\u00e7\u00e3o das chuvas, de dezembro a abril)<\/li><li>Cal\u00e7ado confort\u00e1vel e imperme\u00e1vel forte<\/li><li>Camisa e jaqueta (aquente)<\/li><li>Ropa de banho (opcional para fontes termais)<\/li><li>Bast\u00f5es de caminhada (recomendado)<\/li><li>Chap\u00e9u ou bon\u00e9 para proteg\u00ea-lo do sol<\/li><li>C\u00e2mera e baterias sobressalentes<\/li><\/ul>\t\t\t\t\t\t\t\t<\/div>\n\t\t\t\t<\/div>\n\t\t\t\t\t<\/div>\n\t\t<\/div>\n\t\t\t\t\t<\/div>\n\t\t<\/section>\n\t\t\t\t<\/div>\n\t\t","protected":false},"excerpt":{"rendered":"<p><strong>C\u00d3DIGO: <\/strong>PVT-AA002<\/p>\n<ul>\n<li><strong>Partidas: Di\u00e1rias<\/strong><\/li>\n<li><strong>Dura\u00e7\u00e3o: 3 dias \/ 2 noites<\/strong><\/li>\n<\/ul>\n","protected":false},"featured_media":3455,"template":"","meta":{"site-sidebar-layout":"no-sidebar","site-content-layout":"page-builder","ast-site-content-layout":"default","site-content-style":"default","site-sidebar-style":"default","ast-global-header-display":"","ast-banner-title-visibility":"","ast-main-header-display":"","ast-hfb-above-header-display":"","ast-hfb-below-header-display":"","ast-hfb-mobile-header-display":"","site-post-title":"disabled","ast-breadcrumbs-content":"","ast-featured-img":"disabled","footer-sml-layout":"","ast-disable-related-posts":"","theme-transparent-header-meta":"default","adv-header-id-meta":"","stick-header-meta":"default","header-above-stick-meta":"","header-main-stick-meta":"","header-below-stick-meta":"","astra-migrate-meta-layouts":"default","ast-page-background-enabled":"default","ast-page-background-meta":{"desktop":{"background-color":"var(--ast-global-color-4)","background-image":"","background-repeat":"repeat","background-position":"center center","background-size":"auto","background-attachment":"scroll","background-type":"","background-media":"","overlay-type":"","overlay-color":"","overlay-opacity":"","overlay-gradient":""},"tablet":{"background-color":"","background-image":"","background-repeat":"repeat","background-position":"center center","background-size":"auto","background-attachment":"scroll","background-type":"","background-media":"","overlay-type":"","overlay-color":"","overlay-opacity":"","overlay-gradient":""},"mobile":{"background-color":"","background-image":"","background-repeat":"repeat","background-position":"center center","background-size":"auto","background-attachment":"scroll","background-type":"","background-media":"","overlay-type":"","overlay-color":"","overlay-opacity":"","overlay-gradient":""}},"ast-content-background-meta":{"desktop":{"background-color":"var(--ast-global-color-5)","background-image":"","background-repeat":"repeat","background-position":"center center","background-size":"auto","background-attachment":"scroll","background-type":"","background-media":"","overlay-type":"","overlay-color":"","overlay-opacity":"","overlay-gradient":""},"tablet":{"background-color":"var(--ast-global-color-5)","background-image":"","background-repeat":"repeat","background-position":"center center","background-size":"auto","background-attachment":"scroll","background-type":"","background-media":"","overlay-type":"","overlay-color":"","overlay-opacity":"","overlay-gradient":""},"mobile":{"background-color":"var(--ast-global-color-5)","background-image":"","background-repeat":"repeat","background-position":"center center","background-size":"auto","background-attachment":"scroll","background-type":"","background-media":"","overlay-type":"","overlay-color":"","overlay-opacity":"","overlay-gradient":""}},"_joinchat":[]},"product_brand":[],"product_cat":[91,94],"product_tag":[],"class_list":{"0":"post-1875","1":"product","2":"type-product","3":"status-publish","4":"has-post-thumbnail","6":"product_cat-arequipa-pt-pt","7":"product_cat-arequipa-adventure-pt-pt","8":"desktop-align-center","9":"tablet-align-center","10":"mobile-align-center","11":"ast-product-gallery-layout-horizontal-slider","12":"ast-product-gallery-with-no-image","13":"ast-product-tabs-layout-horizontal","15":"first","16":"instock","17":"shipping-taxable","18":"purchasable","19":"product-type-simple"},"_links":{"self":[{"href":"https:\/\/www.pvtravels.com\/pt-pt\/wp-json\/wp\/v2\/product\/1875","targetHints":{"allow":["GET"]}}],"collection":[{"href":"https:\/\/www.pvtravels.com\/pt-pt\/wp-json\/wp\/v2\/product"}],"about":[{"href":"https:\/\/www.pvtravels.com\/pt-pt\/wp-json\/wp\/v2\/types\/product"}],"version-history":[{"count":8,"href":"https:\/\/www.pvtravels.com\/pt-pt\/wp-json\/wp\/v2\/product\/1875\/revisions"}],"predecessor-version":[{"id":3234,"href":"https:\/\/www.pvtravels.com\/pt-pt\/wp-json\/wp\/v2\/product\/1875\/revisions\/3234"}],"wp:featuredmedia":[{"embeddable":true,"href":"https:\/\/www.pvtravels.com\/pt-pt\/wp-json\/wp\/v2\/media\/3455"}],"wp:attachment":[{"href":"https:\/\/www.pvtravels.com\/pt-pt\/wp-json\/wp\/v2\/media?parent=1875"}],"wp:term":[{"taxonomy":"product_brand","embeddable":true,"href":"https:\/\/www.pvtravels.com\/pt-pt\/wp-json\/wp\/v2\/product_brand?post=1875"},{"taxonomy":"product_cat","embeddable":true,"href":"https:\/\/www.pvtravels.com\/pt-pt\/wp-json\/wp\/v2\/product_cat?post=1875"},{"taxonomy":"product_tag","embeddable":true,"href":"https:\/\/www.pvtravels.com\/pt-pt\/wp-json\/wp\/v2\/product_tag?post=1875"}],"curies":[{"name":"wp","href":"https:\/\/api.w.org\/{rel}","templated":true}]}}

<div data-elementor-type="product-post" data-elementor-id="1875" class="elementor elementor-1875 elementor-1809" data-elementor-post-type="product">
						<section class="elementor-section elementor-top-section elementor-element elementor-element-1936731 elementor-section-boxed elementor-section-height-default elementor-section-height-default" data-id="1936731" data-element_type="section" data-e-type="section">
						<div class="elementor-container elementor-column-gap-default">
					<div class="elementor-column elementor-col-100 elementor-top-column elementor-element elementor-element-85861c5" data-id="85861c5" data-element_type="column" data-e-type="column">
			<div class="elementor-widget-wrap elementor-element-populated">
						<div class="elementor-element elementor-element-94dfda1 elementor-widget elementor-widget-heading" data-id="94dfda1" data-element_type="widget" data-e-type="widget" data-widget_type="heading.default">
				<div class="elementor-widget-container">
					<h3 class="elementor-heading-title elementor-size-default">Itinerário:</h3>				</div>
				</div>
				<div class="elementor-element elementor-element-69c0aaf elementor-widget elementor-widget-accordion" data-id="69c0aaf" data-element_type="widget" data-e-type="widget" data-widget_type="accordion.default">
				<div class="elementor-widget-container">
							<div class="elementor-accordion">
							<div class="elementor-accordion-item">
					<div id="elementor-tab-title-1101" class="elementor-tab-title" data-tab="1" role="button" aria-controls="elementor-tab-content-1101" aria-expanded="false">
													<span class="elementor-accordion-icon elementor-accordion-icon-left" aria-hidden="true">
															<span class="elementor-accordion-icon-closed"><i class="fas fa-plus"></i></span>
								<span class="elementor-accordion-icon-opened"><i class="fas fa-minus"></i></span>
														</span>
												<a class="elementor-accordion-title" tabindex="0">Dia 1: Arequipa / Mirador De Tapay / San Juan De Chuccho</a>
					</div>
					<div id="elementor-tab-content-1101" class="elementor-tab-content elementor-clearfix" data-tab="1" role="region" aria-labelledby="elementor-tab-title-1101"><p style="text-align: justify;">Traslado entre 03:00 às 03:30am do hotel em Arequipa para seguir para o Vale do Colca, a viagem levará aproximadamente 4 horas até Chivay (cidade principal do Vale), onde haverá uma parada para o café da manhã e depois a viagem a Cabanaconde continuará (duas horas e meia de viagem aprox.) de onde começaremos nossa caminhada, descendo para o Desfiladeiro de Colca, que nos levará aproximadamente de 3½ a 4 horas, durante o passeio podemos apreciar, enquanto descemos a vegetação diversa entre Andina e tropical, e também a formação geológica do Cânion do Colca, parte da formação da cordilheira dos Andes.</p><p style="text-align: justify;">Uma vez no fundo do cânion atravessaremos a ponte suspensa de San Juan de Chuccho, para chegar à cidade de mesmo nome, onde passaremos a noite, em casas dos colonos, equipados para servir turistas (alojamento básico)</p></div>
				</div>
							<div class="elementor-accordion-item">
					<div id="elementor-tab-title-1102" class="elementor-tab-title" data-tab="2" role="button" aria-controls="elementor-tab-content-1102" aria-expanded="false">
													<span class="elementor-accordion-icon elementor-accordion-icon-left" aria-hidden="true">
															<span class="elementor-accordion-icon-closed"><i class="fas fa-plus"></i></span>
								<span class="elementor-accordion-icon-opened"><i class="fas fa-minus"></i></span>
														</span>
												<a class="elementor-accordion-title" tabindex="0">Dia 2: San Juan / Sangalle (Oasis)</a>
					</div>
					<div id="elementor-tab-content-1102" class="elementor-tab-content elementor-clearfix" data-tab="2" role="region" aria-labelledby="elementor-tab-title-1102"><p style="text-align: justify;">Tomaremos o café da manhã e começaremos novamente nossa excursão, subiremos aproximadamente 300 metros e chegaremos às aldeias, primeiro de Cosnihua e depois de Malata; onde você vai apreciar o modo de vida das pessoas, muito característico, porque nessas aldeias não há acesso de transporte de veículos. Mais uma vez descemos ao sangalle (oásis), lugar feito pelo povo andino, cheio de vegetação andina alta misturada com vegetação tropical, onde graças a uma nascente de água morna agora você pode desfrutar de um mergulho refrescante nas piscinas localizadas neste belo lugar (as águas têm uma temperatura de aproximadamente 18ºC) nós teremos o almoço e nós passaremos a segunda noite em cabanas básicas.</p></div>
				</div>
							<div class="elementor-accordion-item">
					<div id="elementor-tab-title-1103" class="elementor-tab-title" data-tab="3" role="button" aria-controls="elementor-tab-content-1103" aria-expanded="false">
													<span class="elementor-accordion-icon elementor-accordion-icon-left" aria-hidden="true">
															<span class="elementor-accordion-icon-closed"><i class="fas fa-plus"></i></span>
								<span class="elementor-accordion-icon-opened"><i class="fas fa-minus"></i></span>
														</span>
												<a class="elementor-accordion-title" tabindex="0">Dia 3: Oasis / Cabanaconde / Chivay / Arequipa</a>
					</div>
					<div id="elementor-tab-content-1103" class="elementor-tab-content elementor-clearfix" data-tab="3" role="region" aria-labelledby="elementor-tab-title-1103"><p style="text-align: justify;">04:30 Vamos começar a subida, é um caminho em ziguezague e bastante pendente, mas depois de aproximadamente 3 horas, teremos a satisfação de terminar esta bela rota.</p><p style="text-align: justify;">O café da manhã será tomado em um restaurante local e, em seguida, pegue a mobilidade e vá para o mirante Cruz del Condor, a partir deste ponto de vista você tem uma das vistas mais impressionantes do Canhão de Colca e de onde você pode ver o vôo impressionante do condores, retorne a Chivay, tendo a oportunidade de visitar a calera e aproveitar as termas relaxantes.</p><p style="text-align: justify;">Almoço e retorno a Arequipa, chegando entre 17 a 18 horas.</p><p style="text-align: justify;"><strong>Fim dos nossos serviços!</strong></p></div>
				</div>
								</div>
						</div>
				</div>
				<div class="elementor-element elementor-element-6566993 elementor-widget elementor-widget-text-editor" data-id="6566993" data-element_type="widget" data-e-type="widget" data-widget_type="text-editor.default">
				<div class="elementor-widget-container">
									<h3><span style="color: #008000;"><strong>O que está incluído:</strong></span></h3><ul><li>Traslado Arequipa / Cabanaconde / Arequipa por ônibus de turismo</li><li>01 noite de albergue básico em San Juan de Chuccho</li><li>01 noite de albergue básico em Sangalle</li><li>03 cafés da manhã, 02 almoços e 02 jantares</li><li>Guia profissional em inglês ou espanhol</li></ul><h3><span style="color: #008000;"><strong>Não incluso:</strong></span></h3><ul><li>Bilhete turístico (S / 70,00)</li><li>Entrada para os banhos termais</li><li>Último almoço em Chivay</li><li>Bebidas</li><li>Alojamento em Arequip</li></ul><h3><span style="color: #008000;"><strong>Lista recomendada:</strong></span></h3><ul><li>Dinheiro local (solas) pelo menos S / 150,00 por pessoa</li><li>Protetor solar</li><li>Lanterna</li><li>Repelente</li><li>Toalhas</li><li>Artigos de higiene pessoal (papel higiênico, shampoo, sabonete, creme para o corpo)</li><li>Lanches (frutas secas, biscoitos, doces, chocolates, etc.)</li><li>Água (você pode comprar no caminho)</li><li>Mochila pequena (45lt)</li><li>Capa de chuva ou poncho, ponchos de plástico (apenas na estação das chuvas, de dezembro a abril)</li><li>Calçado confortável e impermeável forte</li><li>Camisa e jaqueta (aquente)</li><li>Ropa de banho (opcional para fontes termais)</li><li>Bastões de caminhada (recomendado)</li><li>Chapéu ou boné para protegê-lo do sol</li><li>Câmera e baterias sobressalentes</li></ul>								</div>
				</div>
					</div>
		</div>
					</div>
		</section>
				</div>

<p><strong>CÓDIGO: </strong>PVT-AA002</p>
<ul>
<li><strong>Partidas: Diárias</strong></li>
<li><strong>Duração: 3 dias / 2 noites</strong></li>
</ul>
